05 - 15. Let x(s) = -21 - 10 + r + 6*s - s**2. Calculate x(6).
7
Let g(s) be the second derivative of -s**5/20 + s**4/12 + 15*s**2/2 - s. Let l = -32703 + 32703. Give g(l).
15
Let n(c) = -c**2 - 3*c + 4. Let j be n(-4). Let d(q) be the second derivative of 0 + 101*q - q**2 + 1/6*q**3. Determine d(j).
-2
Let p = 377 - 371. Let u(s) = -p + 1 + 2 - 5*s + 4*s - 2. Calculate u(-2).
-3
Let s(o) = o**3 - 7*o**2 + 7*o - 1. Let x = 4127 - 4123. What is s(x)?
-21
Let w(n) = -7*n**2 - 15*n - 16. Let u be (-1)/((-3)/(-9)) + (-2)/1. Let y(j) = -11*j**2 - 23*j - 25. Let i(o) = u*y(o) + 8*w(o). What is i(-2)?
3
Let x(y) = -5722*y + 11449*y - 5725*y - 25. Calculate x(-12).
-49
Suppose 0*b + b = 1. Let v be -6*(2 + 21/(-7)). Let n(y) = -6*y - 4*y**2 + v*y - y**3 + b + 0*y. Determine n(-3).
-8
Suppose -10*a - 371 = -6*a - u, 5*u = -4*a - 401. Let n = a - -91. Let o(h) = h**3 + h**2 - h + 2. Calculate o(n).
-13
Let c(w) = w**3 + 11. Let m be 8/(-3*4/(-6)). Let b be m - (1 - -1 - -2). Suppose 4*z + b*d - 4 = d, -8 = 2*z + 2*d. Calculate c(z).
11
Suppose 21*l - 18 = 15*l. Let c(n) = -4 + 140*n**l - 427*n**3 + 145*n**3 - 2*n + 4*n**2 + 143*n**3. Calculate c(-3).
11
Let a(c) = -c**3 - 25*c**2 + 3*c + 6. Let s(w) = 2*w**3 + 42*w**2 - 5*w - 10. Let u(n) = 5*a(n) + 3*s(n). Give u(2).
12
Let g(x) = -2*x**2 + 13*x - 18. Let j(h) = -3*h + 22. Let n be j(6). Determine g(n).
2
Let z be -12*(1 + (-6 - -2)). Let c be 1/(3*(-4)/z). Let s(h) = 2 - 12*h + 10*h - 2 + 1. Calculate s(c).
7
Let l(k) be the third derivative of -k**4/24 + k**3/6 - 2*k**2 - 48*k. Let w = 32 - 32. Suppose -g + w*g = 3*y - 14, 12 = 4*y. Give l(g).
-4
Let w(j) = -4 - 11 + 9*j**2 - j**3 - 3 + 27 - 4. Let o be (6 + -3)*(2 + 1). Determine w(o).
5
Let k(s) = 15*s**2 + s. Let n(z) = -89*z**2 - 9*z - 2. Let l(q) = 6*k(q) + n(q). Give l(-3).
16
Suppose 5*g - 14058 = 16382. Let p(y) = 3050 - g + 3040 - 2*y. Give p(4).
-6
Let p = -1099 + 1096. Let a(o) = 17*o - 2. Give a(p).
-53
Let b(n) be the third derivative of -7*n**5/60 - 5*n**4/24 - n**3/2 - 1032*n**2. Determine b(-1).
-5
Let k(u) = -2*u**3 - 8*u**2 - 5*u + 4. Let b be (5/(-3))/(-5)*3. Let l(d) = -d**3 - 2*d**2 - 1. Let c(a) = b*l(a) - k(a). Calculate c(-5).
-5
Let j(r) be the first derivative of -r**3/3 - 6*r**2 + 8*r - 23. Let z be j(-10). Let i(u) = -24*u**2 - z*u**2 + 8*u + 53*u**2. Calculate i(-6).
-12
Let h = 84918 + -84910. Let y(l) be the second derivative of -l**5/60 + l**4/3 + l**3/6 + l. Let s(i) be the second derivative of y(i). What is s(h)?
-8
Let i(h) = 88*h**2 + 10*h + 27. Let a(c) = -31*c**2 - 3*c - 8. Let x(l) = 10*a(l) + 3*i(l). Give x(-1).
-45
Let h(u) = 2*u - 15. Suppose 56*c = -232 - 48. What is h(c)?
-25
Suppose -4*p + 822 = -a, -5*a = 9 + 1. Let j = 313 - p. Let u be (-3)/45*3 + j/15. Let f(n) = n**3 - 6*n**2 - 5*n - 8. Give f(u).
6
Let f(z) = 727*z - z**2 + 13 - 362*z - 357*z. What is f(9)?
4
Let m(c) be the second derivative of -c**6/720 - 7*c**5/120 + 13*c**4/3 + 5*c - 1. Let l(i) be the third derivative of m(i). Give l(-11).
4
Suppose 0 = -5*n + 208 + 2. Let t(g) = -2*g**2 + 4*g + 4*g**2 - g**2 - n + 41. What is t(-5)?
4
Let f(i) = -3*i + 7. Let l be 16/2 - (-7 + 14 + -4). Suppose z - 27 = -5*p, 3*p + p + l*z - 30 = 0. Calculate f(p).
-8
Suppose -18754 + 19138 = 32*m. Let n(a) = -12*a + 142. Calculate n(m).
-2
Let r(u) be the third derivative of -1/60*u**5 + 0 + 5/6*u**3 + 0*u - 24*u**2 - 5/24*u**4. Suppose -3*w = 2*p + 18, p = 2*w + 3*w + 30. Determine r(w).
-1
Let t(f) = 8*f + 69. Let s be t(-8). Suppose -3*c - 2*c - 2*p = -24, 3*p - 6 = 0. Let x(r) = r**2 - c*r - 5 + 0 + 10*r - 2*r**2. Give x(s).
0
Let p(n) be the third derivative of -n**4/24 + 4*n**3 + 2*n**2 - 416. What is p(-8)?
32
Let h(p) = -p**2 + 38*p + 68. Suppose -3*m - 4*g = -108, -280 = -5*m + 3*g - 71. Determine h(m).
-12
Suppose 48*p + 53*p = 0. Let c(d) be the first derivative of 14/3*d**3 + p*d + 1/2*d**2 - 14. Determine c(1).
15
Let y(d) be the third derivative of 0 + 0*d - 2*d**2 - 1/12*d**5 - 1/2*d**3 + 1/8*d**4. Calculate y(2).
-17
Let q be (10/4)/((-363)/(-44) + -7). Let k(j) = -96*j**2 + 26*j**2 + 29*j**2 + 20*j**q + 2 - 6*j + 20*j**2. Determine k(-7).
-5
Let t(f) = -2*f - 1. Let g(w) = -w**2 + 3*w + 5. Let r = 191 + -190. Let a(m) = r*g(m) - t(m). Suppose -2*d + 3*d + 3 = 4*l, -5*d + 3*l = -19. Calculate a(d).
6
Let o be ((-20)/3)/(-1) + (-4)/(-12). Suppose -k + 0 = 3. Let v be (18/(-12))/(k - o/(-2)). Let t(w) = -w**2 - w + 2. Give t(v).
-4
Let b(z) = -z - 5. Let k be b(-6). Let t(p) = 10*p + 3. Let g(o) = -18*o + 7*o**3 + 0*o**3 - 4*o**3 - 4*o**3 - 5. Let w(d) = 4*g(d) + 7*t(d). What is w(k)?
-5
Let o(i) = 151266*i - 67 - 151254*i - 8. What is o(6)?
-3
Let w(i) = -16*i. Let f be 4/(-4) + (-1 - -19*2). Let c be (2 - 10/3) + 12/f. Give w(c).
16
Let n(b) be the third derivative of b**5/20 - 11*b**4/24 + 13*b**3/6 + 55*b**2 + 35. Give n(4).
17
Let i(y) = 509*y + 348. Let r(t) = -147*t - 116. Let a(n) = 2*i(n) + 7*r(n). Give a(-10).
-6
Let d(q) = -q - 261*q**3 + 8*q**2 + 529*q**3 - 267*q**3 - 10034 + 10043 - q. Let y(p) = 5*p + 1. Let s be y(-2). What is d(s)?
-54
Let z(h) = 4*h + 22. Suppose 0 = -u - 2*d - 7, 2*u = 7*d - 8*d - 11. What is z(u)?
2
Let f(g) be the third derivative of 31*g**4/24 + g**3 - 10*g**2 + 2*g - 283. Determine f(-2).
-56
Suppose -2*u + 24 = -3*p, 4*u = 3*p + 60 - 18. Let w(f) = -3*f**2 - 8. Determine w(p).
-20
Let r(d) = d**3 + 2*d**2 - 4*d - 4. Let i be r(-3). Let l(t) = -16*t + 5*t + 13*t - 81*t**3 + 1 - t**2 + 80*t**3. Determine l(i).
-1
Let t(l) be the second derivative of 7*l**3/6 + 29*l**2 - 2*l + 37. Calculate t(-11).
-19
Let h(r) be the second derivative of r**4/12 - 8*r**3/3 - 24*r**2 - 14*r + 4. Calculate h(0).
-48
Suppose -11*a + 6*a - 3*j = -230, -113 = -2*a + 3*j. Let c(p) = -6 + 26*p - a*p - p**2 + 26*p. Calculate c(5).
-16
Let t be (0 - 0) + 4 + 0 - 8. Let u be ((-1)/4)/(t*(-3)/48). Let n(h) = -4*h - 5. Determine n(u).
-1
Let s(m) be the third derivative of -m**6/120 - m**4/24 - 3*m**3/2 + 147*m**2 - 7*m + 1. Calculate s(-3).
21
Let u be (-18 + 6)*(-1)/(-2). Let b be -1*((-3)/u - 5/10). Let s(k) = k**3 + k + 6. What is s(b)?
6
Let x(z) = -z**2 - z + 271. Let i be x(-16). Let m(q) = 44*q - 6*q - i*q. Calculate m(2).
14
Let n(l) = 19*l + 1. Suppose 266*y + 9 = 270*y + 3*h, 5*y - 6 = -3*h. What is n(y)?
-56
Let z(o) = -474269*o + 24 + 474246*o + o**2 + 69. Give z(20).
33
Let h = 1570 + -1565. Suppose f - 3*f + r - 1 = 0, 3*f - 5*r = -19. Let d(t) = -10*t**f + 1 + 9*t**2 + 6*t - 4. Calculate d(h).
2
Let w(v) = -3*v - 15. Let n(m) = 6*m**2 + 45*m - 87. Let a be n(-9). Give w(a).
3
Let j(o) = -o**3 - o - 11074*o**2 + 11082*o**2 - 67 + 43. What is j(5)?
46
Let v(l) = 5*l**2 + 116*l - 20. Let y(g) = g**2 + 24*g - 4. Let i(o) = 6*v(o) - 29*y(o). Calculate i(2).
0
Let n(j) = 297*j**2 - 15 - 11 + 52 - 13 - 4*j - 298*j**2. Let o be (-125)/20 + (-1)/(-4). Determine n(o).
1
Let c = -9259 - -9260. Let t(v) = v + 0*v**3 + v**3 + 0*v**2 - v**2. Give t(c).
1
Suppose 4*b + 12 = 0, 4*l + 39*b + 30 = 37*b. Let d(o) = 7*o + 36. Give d(l).
-6
Suppose -115*l - 919 = -1379. Let s(o) = -4*o**3 + 10*o**2 + 6*o + 5. Let a(z) = -6*z**3 + 15*z**2 + 9*z + 8. Let m(d) = -5*a(d) + 8*s(d). Calculate m(l).
-36
Let x be (9/((-36)/(-16)))/(0 + 2). Let g(d) = 5*d**2 - 2*d + 3. Let y(a) = 1. Let f be 8/20 + (-15)/(-25). Let p(t) = f*g(t) - 5*y(t). What is p(x)?
14
Let x = 2092 + -2097. Let m(j) = -9*j - 48. What is m(x)?
-3
Suppose -x = 4*f - 167, 3*x = 5*x + 2. Suppose -34 + f = 2*d. Let h(l) = -2*l**3 + 5*l**2 + l**3 - 2 - 3*l + 2*l**2 - 2*l**2. What is h(d)?
2
Let s(n) be the first derivative of -25*n**2/2 - 116*n - 8299. Give s(-5).
9
Let t(j) be the first derivative of 9*j - 25 + 4*j - 19*j + j**2 + 5*j. What is t(1)?
1
Let n(o) = 22*o**3 - 221*o**2 - 73*o - 84. Let k(t) = -8*t**3 + 74*t**2 + 23*t + 28. Let p(l) = -8*k(l) - 3*n(l). Determine p(36).
-8
Let c = -5 - -9. Let v(i) be the second derivative of -i**3/2 + 3*i**2 + 20*i + 12. What is v(c)?
-6
Let r = 69 + -67. Let p(f) = 3*f + 25*f**2 + 31*f**r - 57*f**2 - 2*f. Determine p(0).
0
Suppose -222*l + 10 = -217*l. Let j(n) = 2*n**3 + 5*n**2 - 11*n**2 - 2*n**l - 5*n - 3 + 13*n**2. Determine j(-3).
3
Let c(j) be the third derivative of -j**4/12 - 22*j**3/3 - 334*j**2 + j. Give c(-21).
-2
Let z(f) = 2